{"id":217,"date":"2020-06-15T21:04:15","date_gmt":"2020-06-15T19:04:15","guid":{"rendered":"https:\/\/blazcegnar.com\/zeo\/?page_id=217"},"modified":"2021-05-10T16:19:12","modified_gmt":"2021-05-10T14:19:12","slug":"zaprisege-pridruzenih-zivih-sil","status":"publish","type":"page","link":"https:\/\/blazcegnar.com\/zeo\/zaprisege-pridruzenih-zivih-sil\/","title":{"rendered":"Zaprisege pridru\u017eenih \u017eivih-sil:"},"content":{"rendered":"\n<p>Sledijo zaprisege in samo-obveze pridru\u017eenih \u017eivih-sil, ki so se strinjale z njihovo javno objavo. S tem dejanjem \u010dlani prese\u017eemo odve\u010dni strah pred izpostavljanjem in za\u010dnemo zgledno udejanjati na\u010delo: Postanimo sprememba, ki jo \u017eelimo videti v svetu. Vabljeni, da se nam pridru\u017eite in si povrnete \u017eivljenjsko mo\u010d na\u010delnega samousmerjanja! Kot soodgovorni \u010dlani vam bomo pri tem pomagali s preizku\u0161enimi orodji za samo-osvobajanje in opolnomo\u010denje. \u017diva-sila ego lomi.<\/p>\n\n\n\n<hr class=\"wp-block-separator has-text-color has-background has-dark-gray-background-color has-dark-gray-color is-style-wide\"\/>\n\n\n\n<p>\u017diva-sila: Bla\u017e: Cegnar. RA-4522-3405-5-SI. Copy-right\/copy-claim:<\/p>\n\n\n\n<figure class=\"wp-block-embed is-type-video is-provider-youtube wp-block-embed-youtube wp-embed-aspect-16-9 wp-has-aspect-ratio\"><div class=\"wp-block-embed__wrapper\">\n<iframe loading=\"lazy\" title=\"Moja obveza za \u010dlanstvo v Zdru\u017eenih \u017eivih silah\" width=\"660\" height=\"371\" src=\"https:\/\/www.youtube.com\/embed\/bJmhYLwja7g?feature=oembed\" frameborder=\"0\" allow=\"accelerometer; autoplay; clipboard-write; encrypted-media; gyroscope; picture-in-picture; web-share\" referrerpolicy=\"strict-origin-when-cross-origin\" allowfullscreen><\/iframe>\n<\/div><\/figure>\n\n\n\n<hr class=\"wp-block-separator has-text-color has-background has-dark-gray-background-color has-dark-gray-color is-style-wide\"\/>\n\n\n\n<p>\u017diva-sila: Du\u0161ka: Maglica. RA-4522-3405-5-SI. Copy-right\/copy-claim:<\/p>\n\n\n\n<figure class=\"wp-block-image size-large is-resized\"><img loading=\"lazy\" decoding=\"async\" src=\"https:\/\/blazcegnar.com\/zeo\/wp-content\/uploads\/Zaprisega-Du\u0161ka-M.png\" alt=\"\" class=\"wp-image-312\" width=\"697\" height=\"196\" srcset=\"https:\/\/blazcegnar.com\/zeo\/wp-content\/uploads\/Zaprisega-Du\u0161ka-M.png 906w, https:\/\/blazcegnar.com\/zeo\/wp-content\/uploads\/Zaprisega-Du\u0161ka-M-300x85.png 300w, https:\/\/blazcegnar.com\/zeo\/wp-content\/uploads\/Zaprisega-Du\u0161ka-M-768x217.png 768w\" sizes=\"auto, (max-width: 697px) 100vw, 697px\" \/><\/figure>\n\n\n\n<hr class=\"wp-block-separator has-text-color has-background has-dark-gray-background-color has-dark-gray-color is-style-wide\"\/>\n\n\n\n<p>\u017diva-sila: tonka-bo\u017einovi\u0107-iz-rodov-\u0160krban-\u0160tuhec. R-RF82-448-939-5-HR. Copy-right\/copy-claim.<\/p>\n\n\n\n<figure class=\"wp-block-image size-large\"><a href=\"https:\/\/blazcegnar.com\/zeo\/wp-content\/uploads\/Tonka-Bozinovic.png\"><img loading=\"lazy\" decoding=\"async\" width=\"633\" height=\"328\" src=\"https:\/\/blazcegnar.com\/zeo\/wp-content\/uploads\/Tonka-Bozinovic.png\" alt=\"\" class=\"wp-image-421\" srcset=\"https:\/\/blazcegnar.com\/zeo\/wp-content\/uploads\/Tonka-Bozinovic.png 633w, https:\/\/blazcegnar.com\/zeo\/wp-content\/uploads\/Tonka-Bozinovic-300x155.png 300w\" sizes=\"auto, (max-width: 633px) 100vw, 633px\" \/><\/a><\/figure>\n","protected":false},"excerpt":{"rendered":"<p>Sledijo zaprisege in samo-obveze pridru\u017eenih \u017eivih-sil, ki so se strinjale z njihovo javno objavo. S tem dejanjem \u010dlani prese\u017eemo odve\u010dni strah pred izpostavljanjem in za\u010dnemo zgledno udejanjati na\u010delo: Postanimo sprememba, ki jo \u017eelimo videti v svetu. Vabljeni, da se nam pridru\u017eite in si povrnete \u017eivljenjsko mo\u010d na\u010delnega samousmerjanja! Kot soodgovorni \u010dlani vam bomo pri tem &hellip; <a href=\"https:\/\/blazcegnar.com\/zeo\/zaprisege-pridruzenih-zivih-sil\/\" class=\"more-link\">Preberi ve\u010d o <span class=\"screen-reader-text\">Zaprisege pridru\u017eenih \u017eivih-sil:<\/span><\/a><\/p>\n","protected":false},"author":2,"featured_media":0,"parent":0,"menu_order":0,"comment_status":"closed","ping_status":"closed","template":"","meta":{"footnotes":""},"class_list":["post-217","page","type-page","status-publish","hentry"],"_links":{"self":[{"href":"https:\/\/blazcegnar.com\/zeo\/wp-json\/wp\/v2\/pages\/217","targetHints":{"allow":["GET"]}}],"collection":[{"href":"https:\/\/blazcegnar.com\/zeo\/wp-json\/wp\/v2\/pages"}],"about":[{"href":"https:\/\/blazcegnar.com\/zeo\/wp-json\/wp\/v2\/types\/page"}],"author":[{"embeddable":true,"href":"https:\/\/blazcegnar.com\/zeo\/wp-json\/wp\/v2\/users\/2"}],"replies":[{"embeddable":true,"href":"https:\/\/blazcegnar.com\/zeo\/wp-json\/wp\/v2\/comments?post=217"}],"version-history":[{"count":10,"href":"https:\/\/blazcegnar.com\/zeo\/wp-json\/wp\/v2\/pages\/217\/revisions"}],"predecessor-version":[{"id":424,"href":"https:\/\/blazcegnar.com\/zeo\/wp-json\/wp\/v2\/pages\/217\/revisions\/424"}],"wp:attachment":[{"href":"https:\/\/blazcegnar.com\/zeo\/wp-json\/wp\/v2\/media?parent=217"}],"curies":[{"name":"wp","href":"https:\/\/api.w.org\/{rel}","templated":true}]}}